 8 + -4 + 5 + -3.
6
4 + (-2 - -5) + -6
1
What is -1 - (-5 + -1) - 13?
-8
What is ((12 - 1) + -3 - 3) + 1?
6
What is the value of 4 + -4 + 4 + -1?
3
What is the value of -11 - (7 + (3 - (-2 - -16)))?
-7
Calculate 4 + 4 + -14 - -6.
0
(6 - -2) + -4 + -3 + 3
4
What is the value of (-21 - -18) + 0 + 7 + 3?
7
Evaluate -3 + (8 - 5) + -2 + 5.
3
What is (-1 - -2) + 1 + 2 + -2?
2
Calculate -1 + -5 - (-72 + 63).
3
What is -1 - 0 - (-128 - -127)?
0
What is the value of 14 + -13 - (-2 - 2)?
5
-12 + 9 + -3 - -2
-4
Evaluate -3 - (-3 + -2 - -3) - -2.
1
What is 3 + (-1 + 1 - -4 - 8)?
-1
What is (6 - 1) + (-1 - -2) + -3?
3
Calculate (27 - 21) + -1 + (6 - 1).
10
Evaluate 16 + -18 - (2 - 4).
0
-5 - (-9 + 4 + -7 + 0)
7
What is 0 - (-7 + 8 - (0 + 1))?
0
What is the value of 9 - (6 + -12 - -10)?
5
Calculate -1 - (-4 - -9 - (-1 + 1)).
-6
Evaluate 2 + (-1 - ((-2 - 5) + 4)).
4
(10 - 7 - 15 - -8) + -3
-7
What is -3 - (-8 + -1) - 1?
5
Evaluate (-6 - -2) + (2 - 2).
-4
What is the value of -7 + 7 + (-1 - -5)?
4
What is (-1 - 0) + 13 + -17?
-5
What is the value of 0 + 0 + 81 + -84?
-3
Evaluate 0 + -5 + -2 + 5.
-2
Evaluate 15 + -19 - (-2 + 2).
-4
Evaluate 3 - 1 - (-26 - -31).
-3
Evaluate (-6 - -13) + 0 + 1.
8
What is -7 + (5 - 2 - -1) + 6?
3
4 - ((3 - 4) + (2 - 2))
5
Calculate 0 - (-5 + 13 + -3 + -2).
-3
What is the value of -1 + 2 + 15 + -29 + 12?
-1
-3 - (-1 - 6) - 2
2
What is 12 + -4 + -1 + -1?
6
Calculate 0 - -4 - (12 + -10).
2
-1 + (0 - 0) + 3
2
What is the value of 4 + (4 - (14 - 5) - -3)?
2
7 - 19 - -4 - -16
8
Calculate (-1 - 1) + -6 + 15 + -10.
-3
(1 - 0) + 3 + (1 - 2)
3
What is the value of -3 - (4 - (0 + -5 - -9))?
-3
Evaluate (-1 - (4 - 7)) + -7 + 0.
-5
(-8 - -9) + 0 + 4
5
Evaluate (4 - (-3 - (3 - 4))) + -1.
5
What is the value of (8 - 6 - (-1 + 8)) + 1?
-4
Calculate 6 - (7 - 3) - -1.
3
Evaluate -70 + 69 + (2 - 5).
-4
What is -14 + 3 - (-11 - 4)?
4
Evaluate 1 + (-2 - -5 - 5).
-1
Calculate (0 - ((3 - 1) + 0)) + 2.
0
Evaluate 0 + (2 - (5 + -3)).
0
Calculate -15 + 8 - (-12 - -9).
-4
What is the value of -6 + (3 - (3 + -3))?
-3
What is the value of (4 - 1) + 3 + -1?
5
What is the value of 4 + -16 - (-10 - -4)?
-6
(-71 - -72) + (-1 - 4 - 0)
-4
Evaluate (0 - -5) + (-6 - -2) + 4.
5
Evaluate 0 + -1 + -1 + (0 - -3).
1
Evaluate -4 + (-3 - -4) + 2 + 0.
-1
What is (8 + 6 + -9 - 0) + 1?
6
What is 3 + (-3 - (-13 + 11))?
2
What is 21 - 17 - (2 - 1 - -2)?
1
What is -5 + (-3 + 14 - 12)?
-6
What is the value of (1 - 2) + (0 - (-1 - -5))?
-5
What is the value of 5 + (-2 - -3) + -1 - 7?
-2
Evaluate (11 - 11 - 7) + (2 - 6).
-11
5 + (-3 - -2) + -4 - -5
5
What is 3 + -1 + (2 - 0)?
4
What is (-5 - 0 - 0) + 10?
5
-12 - -4 - (-15 - -1)
6
What is the value of -6 + (5 - 7 - -5)?
-3
Calculate -3 + -2 + (3 - 0).
-2
What is the value of -5 + (-2 - 1 - -3)?
-5
What is 0 + 6 + -5 + 0 - 5?
-4
Calculate -9 + 13 + 3 + -2.
5
What is the value of 6 + 2 + (-5 - (1 - 2))?
4
Evaluate (1 - (-2 - -1)) + 0 + -2.
0
What is -11 + 10 + (-2 - (-8 + 5))?
0
What is the value of 0 + -3 - (-8 - (-11 + 7))?
1
Calculate (-7 + -2 - -7 - -10) + -10.
-2
What is -4 + (1 - (3 - (0 - -2)))?
-4
Calculate -6 - 1 - (-16 - (-9 + 2)).
2
Calculate -3 + -1 - (9 - 6).
-7
What is (1 - 6) + -17 + 18 - -1?
-3
What is (-8 + 2 - 2) + 11?
3
Evaluate -6 + 7 - (-4 - -1).
4
What is (-4 - (-5 - -5)) + 1 + 0?
-3
What is the value of -262 + 255 - (-13 + 2 + -1)?
5
What is the value of 6 + -4 + (6 - 3)?
5
-7 - (-1 - (7 + -4))
-3
What is (2 - 6) + (-3 - -8)?
1
What is 215 + -214 + (0 + 1 - -2)?
4
-5 - (-5 - (2 - 5))
-3
Evaluate 10 + (-2 - 3) + -9.
-4
What is the value of -1 + 0 + -3 + -13 + 16?
-1
What is the value of 5 + 2 + 0 + -4 + -1?
2
What is 5 - (3 + -5 - -5)?
2
Calculate -7 - -8 - (-2 + 3 + 4).
-4
Calculate 6 + (-4 - -10) + -9.
3
What is the value of 3 + 0 + 1 + -87 + 81?
-2
What is the value of 4 + -6 + 5 - (1 - -1)?
1
What is the value of -5 + 3 + (11 - 13) + 8?
4
What is -6 - (-6 - (-6 - -8)) - -5?
7
-6 + 10 + -7 + (-2 - -2)
-3
4 - (17 - (4 - -4)) - 1
-6
Calculate -8 - (0 - 1) - (-1 - 2).
-4
Evaluate 4 + ((-12 - -5) + 1 - 1).
-3
What is -9 + 6 + 16 + -6?
7
What is -12 + 19 + -9 - (-9 + 1)?
6
Calculate 4 - (6 + (3 - 5)).
0
What is -9 - (6 - 8) - -6?
-1
What is the value of 1 + 2 + -5 - 9 - -5?
-6
What is the value of 1 + -2 + 9 + 26 + -41?
-7
Evaluate (-7 - -4 - 10) + 10.
-3
What is the value of (3 - 1) + -2 + 13 + -8?
5
What is -1 + (-2 - (9 + -5 - 7))?
0
Calculate -5 + 11 + -6 + 3.
3
Evaluate (-1 - -15) + -9 + -1 + -4.
0
What is the value of 0 - -12 - 19 - (-7 - 0)?
0
Calculate 5 - (0 - -10) - -3.
-2
(-3 - -1) + -6 - -4
-4
6 - ((-2 - -4) + 2 - 2)
4
What is -1 - ((-4 - (-6 - -4)) + 4)?
-3
Evaluate 38 + -36 - (0 + 8).
-6
Calculate 2 + (-4 - ((-1 - -3) + -1)).
-3
What is the value of 1 - 1 - (-232 + 240)?
-8
(-3 + 2 - -1) + -2 + -1
-3
Evaluate 10 - (3 + 1 + (0 - 1)).
7
2 - 1 - -4 - (9 + -7)
3
Evaluate -3 + 6 + (0 - 3).
0
Calculate 11 + -10 + -7 + (2 - 0).
-4
Evaluate -21 + 21 - (-2 + 0 + 1).
1
4 - (0 + 1 + 3)
0
Calculate 1 - 7 - (-9 + 7).
-4
Evaluate (-1 - 0) + (-5 - (-17 + 17)).
-6
Evaluate -13 + 12 + 2 + -1.
0
-4 - -4 - (-4 - -4)
0
0 - (10 + -4 + -6)
0
1 + -3 + 6 + (3 - 2)
5
What is 4 - (-3 - (-20 - -9))?
-4
-2 + 1 + -1 + (7 - 13)
-8
Calculate 1 + -2 + 41 + -35.
5
What is the value of -7 - (-1 - (2 - 1))?
-5
Calculate 1 + 4 + (-2 - (3 + 1)).
-1
4 + 15 - 4 - 7 - 5
3
Calculate (5 - 8) + 8 + -1.
4
Evaluate 2 + -9 + (2 - (-3 + 1)).
-3
5 - (3 + (-2 - (-1 + 4)))
7
What is 0 + 11 - (-18 - -21)?
8
What is 10 - 9 - (-7 - -2)?
6
3 - ((27 - 17) + 1 + -2)
-6
What is -3 + -3 + (8 - 0) - 2?
0
Calculate 3 - -5 - (17 - 7).
-2
What is -5 + 7 - -1 - 0?
3
What is the value of 0 + 0 - (-21 + 26)?
-5
Calculate -14 - ((-5 - -1) + -19).
9
13 - (-3 + (2 - -11))
3
1 - 13 - (100 - 104)
-8
What is 9 + (-9 - (-23 - -15))?
8
Evaluate (-10 - (-9 - -7)) + 8.
0
What is -3 + -1 - (2 + -3)?
-3
Calculate -5 - (0 + -11 + 3) - 1.
2
What is the value of 45 - 41 - (5 - -1)?
-2
Calculate 2 + 5 - (-95 + 100).
2
What is -6 - (13 - -1 - 13)?
-7
What is -6 + (4 - 6) + 5 - 1?
-4
Evaluate (-2 - -1) + -22 + 23.
0
Calculate (4 - (-8 - -20)) + 7.
-1
What is the value of 0 - -10 - (-8 + 13)?
5
What is -6 - (-4 + -8 - -4)?
2
18 + -18 - (2 + -1)
-1
Calculate 14 - 5 - (9 + -4).
4
Evaluate 13 + (-16 - (-15 - -9)).
3
Evaluate -3 - (10 - 6) - -2.
-5
2 - 4 - (8 - 6 - -1)
-5
What is the value of (-2 - (-2 - -4)) + 1?
-3
What is the value of (-6 - 4) + (7 - 1)?
-4
Evaluate (-19 - -18) + (-4 - -12).
7
What is -2 + (-7 - -7 - -8)?
6
Calculate 9 - (19 + -8 - 6).
4
Evaluate (1 - 1) + -2 + (-3 - -1).
-4
What is the value of 10 + (-2 - 0) + -3?
5
What is ((10 - 2) + -5 - -3) + -2?
4
What is the value of 5 + (-7 - -4 - -4 - 2)?
4
(6 - 5) + -1 + 1 + -4
-3
-4 + 5 + 0 - 0
1
-18 + 21 + -21 + 10
-8
Calculate 3 + (2 - (4 + -1)).
2
Calculate -6 - (-3 + (2 + -14 - -2)).
7
Calculate 3 + -4 + 5 - 4.
0
What is 2 + (-2 - (0 - -2)) + -3?
-5
-16 - -12 - (-5 - 1 - -2)
0
Evaluate -3 + 2 + -7 + 2 - -3.
-3
Calculate -12 - (-8 + 3) - -7.
0
-13 + 2 - (-42 + 34)
-3
-6 + (6 - (0 - -2))
-2
Evaluate 18 + -23 + (-1 - -6).
0
What is (20 - 12) + -1 + (1 - 2)?
6
2 + -2 + 1 + -2
-1
What is -14 - -9 - 0 - 3?
-8
What is the value of 0 + (-3 - -3) + -1 + 1?
0
Calculate (-4 - 1) + (22 - 12 - -2).
7
Evaluate -6 + (-2 - (2 + -2)) - -3.
-5
What is (3 - (-4 - (-6 + 3))) + -3?
1
Calculate -5 - (6 + (1 - (-1 + 9))).
-4
What is 2 + (0 - 4) + 0 + 3?
1
What is 6 + (-5 - (-5 + 3))?
3
(-1 + -5 - -2) + 8
4
-2 + (12 - 7 - 1)
2
Evaluate (-2 - (0 + 4)) + 2.
-4
Calculate 4 + -5 - (-6 + 5).
0
(2 - 2) + (-1 - -4)
3
What is -11 + 8 + 2 - -6?
5
1 + -1 + 5 + -4 - -1
2
Evaluate -5 + 7 - (7 + -2).
-3
What is -7 - (1 - (-2 - -7))?
-3
What is 6 + -8 + (2 - 1 - 4)?
-5
-3 - (-11 + -4 + 16)
-4
Evaluate -11 + 2 + 4 - -9.
4
2 + 0 + (16 - 20)
-2
What is the value of (-1 - 2) + 8 - -1 - 7?
-1
What is 6 + 1 + -12 + 2?
-3
7 - (15 - 10) - -4
6
Evaluate (-1 + -2 - 5) + 5.
-3
What is 1 + 1 + -57 + 59?
4
(0 - -3) + -5 + (0 - -1)
-1
What is the value of 6 - (15 + -22 + 4)?
9
What is 0 + -2 + (3 + -5 - -5)?
1
Evaluate (-5 - 5) + (3 - (5 + -4)).
-8
Evaluate -1 - -15 - (13 - (14 + -6)).
9
Evaluate (15 - 8) + -11 + 5.
1
What is the value of -4 - (0 + -2 + -5) - 5?
-2
(-25 - (6 + -19)) + 8
-4
What is 12 + -6 + 0 + -10?
-4
What is the value of (3 - 2) + (-7 - -6)?
0
Wha